{"id":199,"date":"2019-07-01T18:23:54","date_gmt":"2019-07-01T18:23:54","guid":{"rendered":"http:\/\/prodegra.com\/?page_id=199"},"modified":"2020-04-06T12:39:20","modified_gmt":"2020-04-06T12:39:20","slug":"edificacion","status":"publish","type":"page","link":"https:\/\/prodegra.com\/?page_id=199","title":{"rendered":"Edificaci\u00f3n"},"content":{"rendered":"\r\n<p style=\"text-align: left;\">Empresa especializada en el sector de la edificaci\u00f3n habiendo realizado todo tipo de obras en el sector p\u00fablico y privado. Ejecuta todo tipo de reformas de interior como exterior a la vivienda y domina todos los apartados incluidos en la obra de edificaci\u00f3n. Garantiza toda su construcci\u00f3n seg\u00fan ley y aporta sus conocimientos en el sector ayudando a obtener resultados deseados.<\/p>\r\n\r\n\r\n\r\n<p style=\"text-align: left;\"><strong>Prodegra Obra Civil y Edificaci\u00f3n S.L. <\/strong>cuenta con personal cualificado en todos los oficios de la rama de la edificaci\u00f3n que har\u00e1n que en su obra se consigan las soluciones planteadas.<\/p>\r\n\r\n\r\n\r\n<p>Contamos con personal especializado, con cursos especializados y exigidos en el oficio que desempe\u00f1an.<\/p>\r\n\r\n\r\n\r\n<p>Le presupuestamos su obra sin compromiso alguno. Contacte con nosotros y le informaremos de las necesidades y costes planteando las mejores soluciones para su proyecto.<\/p>\r\n\r\n\r\n\r\n<figure class=\"wp-block-image\"><img loading=\"lazy\" decoding=\"async\" width=\"1024\" height=\"576\" class=\"wp-image-208\" src=\"https:\/\/prodegra.com\/wp-content\/uploads\/2019\/07\/ana-trasera-1024x576.jpg\" alt=\"\" srcset=\"https:\/\/prodegra.com\/wp-content\/uploads\/2019\/07\/ana-trasera-1024x576.jpg 1024w, https:\/\/prodegra.com\/wp-content\/uploads\/2019\/07\/ana-trasera-300x169.jpg 300w, https:\/\/prodegra.com\/wp-content\/uploads\/2019\/07\/ana-trasera-768x432.jpg 768w\" sizes=\"auto, (max-width: 1024px) 100vw, 1024px\" \/><\/figure>\r\n<p>&nbsp;<\/p>\r\n\r\n\r\n\r\n<div class=\"wp-block-button aligncenter\" style=\"text-align: center;\"><a class=\"wp-block-button__link\" href=\"https:\/\/prodegra.com\/?page_id=1369\">GALER\u00cdA DE IM\u00c1GENES<\/a><\/div>\r\n\r\n\r\n\r\n<h4 class=\"wp-block-heading\">RELACI\u00d3N DE OBRAS EJECUTADAS<\/h4>\r\n\r\n\r\n\r\n<ul class=\"wp-block-list\">\r\n<li>MEJORA DE ACCESIBILIDAD EN EL CENTRO DE D\u00cdA DE V\u00c9LEZ DE BENAUDALLA<\/li>\r\n<li>AMPLIACI\u00d3N CENTRO DE RECOGIDAD DE ANIMALES DE MOTRIL<\/li>\r\n<li>PROYECTO DE ADECUACI\u00d3N DE NAVE A FABRICACI\u00d3N, ALMACENAMIENTO Y VENTA DE ABONOS A BASE DE ALGAS.<\/li>\r\n<li>MEJORA DE LA CENTRAL HORTOFRUT\u00cdCOLA TEJERINA EN EL POL\u00cdGONO DE LAS ALGAIDAS DE MOTRIL<\/li>\r\n<li>PROYECTO PARA LA CONSTRUCCI\u00d3N DEL CEIP MADRIGAL Y PADIAL DE V\u00c9LEZ DE BENAUDALLA<\/li>\r\n<li>REHABILITACI\u00d3N DE NAVES EN LA FABRIQUILLA EN MOTRIL. ADAPTACI\u00d3N DE OFICINAS PARA LA POLIC\u00cdA LOCAL<\/li>\r\n<li>PROYECTO DE PISCINA PRIVADA EN CALLE PICOS DE EUROPA N\u00ba24 DE MOTRIL.<\/li>\r\n<li>CONSTRUCCI\u00d3N DE VIVIENDA UNIFAMILIAR ADOSADA EN CALLE AMARGURA DE MOTRIL<\/li>\r\n<li>ADAPTACI\u00d3N DE LOCAL PARA FARMACIA, LA CALETA<\/li>\r\n<li>DEMOLICIONES CALLE TITO ALTO Y BUENA VISTA.<\/li>\r\n<li>DEMOLICIONES CALLE TATO DE MOTRIL<\/li>\r\n<li>VIVIENDA UNIFAMILIAR AISLADA CALLE LOS PLANETAS EN HOYA LA MORA DE V\u00c9LEZ DE BENAUDALLA<\/li>\r\n<li>PROYECTO DE EJECUCI\u00d3N DE VIVIENDA UNIFAMILIAR AISLADA CALLE LOS ALBAS EN V\u00c9LEZ DE BENAUDALLA<\/li>\r\n<li>ARREGLO DE TERRAZA TRANSITABLE PARA PARTICULAR.<\/li>\r\n<li>CIMENTACI\u00d3N Y ESTRUCTURA DE VIVIENDA UNIFAMILIAR AISLADA CALLE LOS ANGELES EN LA HOYA LA MORA DE V\u00c9LEZ DE BENAUDALLA<\/li>\r\n<li>REPARACI\u00d3N DE VUELOS DE BALCONES EN CALLE VIRGEN DE F\u00c1TIMA 10 DE MOTRIL<\/li>\r\n<li>TERMINACI\u00d3N DE VIVIENDA UNIFAMILIAR AISLADA EL LA CALLE LOS ALBAS DE LA HOYA LA MORA EN V\u00c9LEZ DE BENAUDALLA<\/li>\r\n<li>VIVIENDA UNIFAMILIAR AISLADA EN CALLE R\u00cdO TAJO DE V\u00c9LEZ DE BENAUDALLA<\/li>\r\n<li>REFORMA DE BA\u00d1OS PARA VIVIENDA UNIFAMILIAR AISLADA EN GRANADA.<\/li>\r\n<li>PROYECTO DE PISCINA PRIVADA EN VIVIENDA UNIFAMILIAR AISLADA CALLE FUENTE PERILLA N\u00ba3 DE V\u00c9LEZ DE BENAUDALLA<\/li>\r\n<li>REFORMA VIVIENDA UNIFAMILIAR ADOSADA CALLE SANTUARIO VIRGEN DE LA CABEZA DE V\u00c9LEZ DE BENAUDALLA<\/li>\r\n<li>REFORMA CASA UNIFAMILIAR ADOSADA EN CALLE LA PALMA DE V\u00c9LEZ DE BENAUDALLA<\/li>\r\n<li>REFORMA CASA UNIFAMILIAR EN LAS HIGUERILLAS DE V\u00c9LEZ DE BENAUDALLA<\/li>\r\n<li>REFORMA RESIDENCIA SAN LUIS DE MOTRIL<\/li>\r\n<li>AMPLIACI\u00d3N DE OFICINAS EN HOSPITAL DE PONIENTE EN EL EJIDO DE ALMER\u00cdA<\/li>\r\n<li>REFORMA APARTAMENTO EN PLAYA GRANADA MOTRIL<\/li>\r\n<\/ul>\r\n\r\n\r\n\r\n<p>&nbsp;<\/p>\r\n\r\n\r\n\r\n<p style=\"text-align: center;\"><strong>CONTACTO: (+34) 675 860 749 email: prodegra@prodegra.com<\/strong><\/p>\r\n","protected":false},"excerpt":{"rendered":"<p>Empresa especializada en el sector de la edificaci\u00f3n habiendo realizado todo tipo de obras en el sector p\u00fablico y privado. Ejecuta todo tipo de reformas de interior como exterior a la vivienda y domina todos los apartados incluidos en la obra de edificaci\u00f3n. Garantiza toda su construcci\u00f3n seg\u00fan ley y aporta sus conocimientos en el [&hellip;]<\/p>\n","protected":false},"author":2,"featured_media":0,"parent":0,"menu_order":0,"comment_status":"closed","ping_status":"closed","template":"","meta":{"footnotes":""},"class_list":["post-199","page","type-page","status-publish","hentry"],"_links":{"self":[{"href":"https:\/\/prodegra.com\/index.php?rest_route=\/wp\/v2\/pages\/199","targetHints":{"allow":["GET"]}}],"collection":[{"href":"https:\/\/prodegra.com\/index.php?rest_route=\/wp\/v2\/pages"}],"about":[{"href":"https:\/\/prodegra.com\/index.php?rest_route=\/wp\/v2\/types\/page"}],"author":[{"embeddable":true,"href":"https:\/\/prodegra.com\/index.php?rest_route=\/wp\/v2\/users\/2"}],"replies":[{"embeddable":true,"href":"https:\/\/prodegra.com\/index.php?rest_route=%2Fwp%2Fv2%2Fcomments&post=199"}],"version-history":[{"count":31,"href":"https:\/\/prodegra.com\/index.php?rest_route=\/wp\/v2\/pages\/199\/revisions"}],"predecessor-version":[{"id":1388,"href":"https:\/\/prodegra.com\/index.php?rest_route=\/wp\/v2\/pages\/199\/revisions\/1388"}],"wp:attachment":[{"href":"https:\/\/prodegra.com\/index.php?rest_route=%2Fwp%2Fv2%2Fmedia&parent=199"}],"curies":[{"name":"wp","href":"https:\/\/api.w.org\/{rel}","templated":true}]}}